1?
1
What is the tens digit of 143845455?
5
What is the millions digit of 170591410?
0
What is the units digit of 116372039?
9
What is the hundred thousands digit of 28679290?
6
What is the billions digit of 1351004794?
1
What is the units digit of 3486969?
9
What is the ten millions digit of 210223774?
1
What is the tens digit of 32226847?
4
What is the units digit of 1251546325?
5
What is the tens digit of 95394555?
5
What is the units digit of 145131762?
2
What is the hundred thousands digit of 2886729?
8
What is the ten thousands digit of 39317928?
1
What is the millions digit of 178538486?
8
What is the ten thousands digit of 416472698?
7
What is the units digit of 76069378?
8
What is the ten thousands digit of 32137663?
3
What is the units digit of 69562230?
0
What is the hundreds digit of 15340251?
2
What is the hundreds digit of 225609848?
8
What is the thousands digit of 854418697?
8
What is the thousands digit of 359182895?
2
What is the millions digit of 49737773?
9
What is the hundreds digit of 79635784?
7
What is the units digit of 255951685?
5
What is the hundred thousands digit of 43882190?
8
What is the ten thousands digit of 950002?
5
What is the millions digit of 2761728959?
1
What is the thousands digit of 3534908932?
8
What is the ten thousands digit of 7544696?
4
What is the millions digit of 45539532?
5
What is the hundred millions digit of 116039828?
1
What is the units digit of 166449019?
9
What is the hundred thousands digit of 592875822?
8
What is the hundred millions digit of 256539756?
2
What is the ten thousands digit of 975049561?
4
What is the billions digit of 2430618282?
2
What is the hundred thousands digit of 2955493672?
4
What is the hundred millions digit of 370317750?
3
What is the millions digit of 132417612?
2
What is the ten thousands digit of 506503216?
0
What is the units digit of 590736303?
3
What is the thousands digit of 200940160?
0
What is the tens digit of 1737684744?
4
What is the thousands digit of 7195947370?
7
What is the units digit of 30986667?
7
What is the ten millions digit of 105199218?
0
What is the ten thousands digit of 10744987?
4
What is the thousands digit of 232986292?
6
What is the hundreds digit of 757140638?
6
What is the hundreds digit of 473044612?
6
What is the hundred millions digit of 524739573?
5
What is the ten millions digit of 465277515?
6
What is the hundred thousands digit of 562033492?
0
What is the tens digit of 59167406?
0
What is the thousands digit of 123732277?
2
What is the hundreds digit of 701497152?
1
What is the hundred thousands digit of 181613671?
6
What is the thousands digit of 212439414?
9
What is the millions digit of 382611257?
2
What is the thousands digit of 79654700?
4
What is the ten millions digit of 101436464?
0
What is the ten millions digit of 379706264?
7
What is the hundreds digit of 1175788223?
2
What is the millions digit of 39774662?
9
What is the ten thousands digit of 254372000?
7
What is the ten thousands digit of 68039932?
3
What is the billions digit of 1169396286?
1
What is the ten thousands digit of 30168546?
6
What is the millions digit of 48070443?
8
What is the billions digit of 1281870885?
1
What is the hundreds digit of 90981188?
1
What is the hundred millions digit of 1668315789?
6
What is the units digit of 58122445?
5
What is the hundred millions digit of 123441478?
1
What is the ten thousands digit of 396851985?
5
What is the hundreds digit of 107656838?
8
What is the millions digit of 1831801473?
1
What is the units digit of 655567960?
0
What is the hundreds digit of 1504983530?
5
What is the hundred thousands digit of 312141314?
1
What is the ten millions digit of 233887191?
3
What is the millions digit of 193870630?
3
What is the units digit of 10398514?
4
What is the millions digit of 13929867?
3
What is the ten thousands digit of 29297710?
9
What is the thousands digit of 7702687?
2
What is the hundred millions digit of 4839886982?
8
What is the units digit of 3741057849?
9
What is the ten thousands digit of 7357122968?
2
What is the hundred millions digit of 398503883?
3
What is the thousands digit of 418906700?
6
What is the units digit of 3665083677?
7
What is the thousands digit of 406370096?
0
What is the millions digit of 56818377?
6
What is the millions digit of 1671933505?
1
What is the billions digit of 1650258840?
1
What is the ten millions digit of 1434791269?
3
What is the units digit of 40117444?
4
What is the tens digit of 80153397?
9
What is the millions digit of 909163403?
9
What is the units digit of 652955827?
7
What is the hundred thousands digit of 2062441550?
4
What is the ten thousands digit of 3551154141?
5
What is the thousands digit of 4499269675?
9
What is the ten millions digit of 65503290?
6
What is the hundreds digit of 374720277?
2
What is the millions digit of 86731205?
6
What is the ten millions digit of 103377416?
0
What is the hundred millions digit of 3915022232?
9
What is the ten thousands digit of 586736179?
3
What is the hundred thousands digit of 230695810?
6
What is the ten millions digit of 1517787643?
1
What is the millions digit of 249617745?
9
What is the millions digit of 5825882414?
5
What is the thousands digit of 3417601059?
1
What is the ten thousands digit of 268777435?
7
What is the ten millions digit of 19009803?
1
What is the tens digit of 87924497?
9
What is the ten thousands digit of 46912820?
1
What is the tens digit of 1949251963?
6
What is the units digit of 904938075?
5
What is the thousands digit of 159177214?
7
What is the units digit of 209719451?
1
What is the hundreds digit of 6934124?
1
What is the millions digit of 888471080?
8
What is the millions digit of 833920939?
3
What is the units digit of 1657456?
6
What is the units digit of 47914357?
7
What is the thousands digit of 808891544?
1
What is the hundred thousands digit of 129461365?
4
What is the units digit of 165235421?
1
What is the millions digit of 1097419095?
7
What is the hundreds digit of 92513151?
1
What is the thousands digit of 27510848?
0
What is the tens digit of 55226178?
7
What is the tens digit of 4529277666?
6
What is the ten millions digit of 200357928?
0
What is the units digit of 91477341?
1
What is the hundreds digit of 61143999?
9
What is the tens digit of 9026359?
5
What is the ten thousands digit of 3794103965?
0
What is the ten thousands digit of 4225573167?
7
What is the hundreds digit of 3598074944?
9
What is the ten thousands digit of 233107418?
0
What is the ten thousands digit of 2300885954?
8
What is the thousands digit of 15309113?
9
What is the millions digit of 130393132?
0
What is the ten thousands digit of 248323221?
2
What is the tens digit of 117348810?
1
What is the ten thousands digit of 12283554?
8
What is the tens digit of 658457636?
3
What is the hundred thousands digit of 10458028?
4
What is the ten millions digit of 1819913084?
1
What is the hundreds digit of 239967970?
9
What is the millions digit of 57013819?
7
What is the ten thousands digit of 1736331530?
3
What is the ten thousands digit of 378586271?
8
What is the hundred thousands digit of 93956268?
9
What is the tens digit of 35515259?
5
What is the hundreds digit of 44826197?
1
What is the tens digit of 154865303?
0
What is the ten thousands digit of 1710411258?
1
What is the ten thousands digit of 396690400?
9
What is the thousands digit of 2325689929?
9
What is the ten millions digit of 205874616?
0
What is the hundred thousands digit of 2275422396?
4
What is the ten millions digit of 39891634?
3
What is the hundred thousands digit of 1761823401?
8
What is the billions digit of 6600168004?
6
What is the millions digit of 86914002?
6
What is the millions digit of 4439683036?
9
What is the hundred millions digit of 910676621?
9
What is the ten thousands digit of 7329270337?
7
What is the hundred thousands digit of 4073410290?
4
What is the tens digit of 381286957?
5
What is the ten thousands digit of 37027120?
2
What is the hundred millions digit of 566543629?
5
What is the ten thousands digit of 669139516?
3
What is the hundreds digit of 328968881?
8
What is the ten millions digit of 2673573989?
7
What is the hundred thousands digit of 35188597?
1
What is the tens digit of 2914753558?
